
Let y(x) = x - 14. Give y(6).
-8
Let c(z) = -z**3 + 14*z**2 - 14*z + 11. Give c(13).
-2
Let o(v) = -3*v + 24. Give o(4).
12
Let k(v) = 2*v + 7. What is k(6)?
19
Let l(z) = -19*z + 10. Calculate l(3).
-47
Let t(w) = -2*w + 6. Determine t(0).
6
Let a(s) = -23*s**3 - s**2 + s + 1. Give a(1).
-22
Let o(f) = -2*f + 5. What is o(-2)?
9
Let n(c) = c**3 + 6*c**2 - 2*c - 6. What is n(4)?
146
Let t(c) = -16*c**3 + 2*c**2 - c. Calculate t(1).
-15
Let n(x) = x**3 + 4*x**2 - 4*x + 6. What is n(-5)?
1
Let h(a) = 24*a - 66. Calculate h(3).
6
Let x(z) = z**2 + 3*z + 1. Give x(-3).
1
Let j(v) = -v**3 + 19*v**2 - 16*v. Calculate j(18).
36
Let k(c) = -2*c**2 + 41*c + 62. What is k(22)?
-4
Let c(x) = -x**3 - 9*x**2 - 9*x + 1. Determine c(-7).
-34
Let g(l) = l**3 + 8*l**2 - 2*l + 2. Determine g(-8).
18
Let q(w) = -232*w - 1164. Calculate q(-5).
-4
Let m(r) = -r**3 + 6*r**2 - r - 11. Calculate m(7).
-67
Let p(l) = -4*l - 126. What is p(-30)?
-6
Let v(g) = 19*g + 15. Give v(-1).
-4
Let t(j) = -j**3 - 14*j**2 - 16*j - 41. Determine t(-13).
-2
Let h(f) = f**2 - 14*f - 5. Give h(14).
-5
Let p(a) = 2*a. Calculate p(0).
0
Let c(y) = y**3 + 7*y**2 + 7*y + 19. Determine c(-9).
-206
Let b(r) = r**3 + 11*r**2 + 13*r - 10. Determine b(-10).
-40
Let k(d) = d**3 - 28*d**2 + 28*d - 21. Determine k(27).
6
Let r(p) = 15*p. What is r(-1)?
-15
Let x(v) = 5*v**2 - 3*v + 2. Determine x(-1).
10
Let k(t) = -2*t + 27. What is k(11)?
5
Let o(m) = 8*m**2 - 3*m - 1. What is o(3)?
62
Let i(b) = -7*b - 52. What is i(-8)?
4
Let m(h) = -2*h**2 - 14*h + 14. Give m(-8).
-2
Let i(y) = -y**3 - 4*y**2 + 8*y + 3. What is i(-6)?
27
Let c(z) = -z**2 + 54*z - 205. Give c(50).
-5
Let b(n) = -n**2 - 2*n + 19. Give b(5).
-16
Let o(q) = q + 8. What is o(-13)?
-5
Let b(a) = 5*a**2 - 21*a - 5. What is b(5)?
15
Let g(w) = w**3 + 8*w**2 - 3*w - 90. What is g(-6)?
0
Let v(w) = -2*w + 9. Give v(8).
-7
Let s(c) = -c**2 - 9*c + 2. Determine s(-15).
-88
Let c(x) = 3*x**2 - 3*x - 11. Determine c(4).
25
Let u(x) = -16*x + 83. Give u(5).
3
Let r(w) = -w + 9. Calculate r(4).
5
Let x(q) = q**2 - 15*q - 3. Determine x(16).
13
Let f(d) = 4*d**2 + 14*d + 9. Give f(-4).
17
Let g(b) = -37*b - 9. Determine g(-3).
102
Let p(f) = -f**2 + 13*f - 42. Calculate p(10).
-12
Let z(i) = -i**3 + 5*i**2 + 7*i + 19. Calculate z(7).
-30
Let y(f) = f**3 - 11*f**2 + 51*f - 413. Give y(10).
-3
Let i(q) = -q**3 + 21*q**2 - 25*q + 97. Determine i(20).
-3
Let j(o) = -o**3 + 13*o**2 - 10*o - 28. Calculate j(12).
-4
Let q(m) = m**2 + 5*m - 14. What is q(-9)?
22
Let t(x) = 4*x + 139. Calculate t(-33).
7
Let g(j) = j**3 + 2*j**2 + 9. What is g(-2)?
9
Let a(g) = 7*g + 127. Determine a(0).
127
Let p(h) = 26*h**3 - h. What is p(1)?
25
Let i(x) = x + 5. Determine i(-7).
-2
Let f(g) = 22*g - 21. Calculate f(1).
1
Let o(n) = n**3 - 4*n**2 + n + 4. Calculate o(3).
-2
Let u(r) = -6*r + 169. What is u(29)?
-5
Let s(h) = -9*h + 3. Calculate s(1).
-6
Let a(g) = -6*g + 111. Determine a(20).
-9
Let r(g) = -3*g - 53. Give r(-23).
16
Let h(t) = -t**3 - 7*t**2 - 8*t - 2. Calculate h(-6).
10
Let z(y) = -4*y**2 + 13*y - 3. Give z(5).
-38
Let m(q) = -q**2 - 8*q - 10. Give m(-7).
-3
Let m(i) = -i**3 - 3*i**2 + 16*i + 1. Calculate m(-6).
13
Let l(d) = -7*d + 21. Calculate l(3).
0
Let f(i) = i**3 - 3*i**2 - 12*i - 7. Calculate f(-2).
-3
Let d(b) = b**3 + 15*b**2 + 19*b - 15. Give d(-14).
-85
Let r(q) = 3*q**2 - 2*q - 2. What is r(5)?
63
Let k(l) = l**3 + 8*l**2 + 15*l + 8. What is k(-6)?
-10
Let w(t) = 3*t - 10. Determine w(3).
-1
Let f(i) = -3*i**3 - 21*i**2 + 2*i + 1. Calculate f(-7).
-13
Let x(v) = -3*v**2 + 3. Give x(-3).
-24
Let k(v) = 9*v**2 + 193*v - 109. Give k(-22).
1
Let d(k) = -k**2 + 3*k - 5. Determine d(0).
-5
Let j(o) = -o**3 - 10*o**2 - 11*o + 7. Calculate j(-9).
25
Let f(s) = -3*s**3 - s**2 + 1. Determine f(-1).
3
Let i(l) = l**3 - 10*l**2 - 16*l + 15. Calculate i(11).
-40
Let n(g) = -g**2 + 20*g - 78. What is n(15)?
-3
Let b(c) = 8*c - 9. What is b(7)?
47
Let m(d) = d**3 + 3*d**2 - 2*d. Calculate m(-3).
6
Let j(n) = n**2 - 6*n - 28. Give j(-2).
-12
Let r(u) = 5*u + 29. Determine r(-6).
-1
Let m(h) = h**3 + h**2 + h + 36. What is m(-4)?
-16
Let a(v) = -2*v + 25. Determine a(-9).
43
Let f(t) = t**3 + 32*t**2 + 29*t - 60. Calculate f(-31).
2
Let l(g) = 16*g**2 - 112*g - 1. Calculate l(7).
-1
Let l(o) = o**2 - 12*o + 2. Give l(13).
15
Let v(r) = -r**3 + 13*r**2 - 7*r - 2. Determine v(12).
58
Let y(w) = w**3 - 3*w**2 - 2*w + 7. Calculate y(2).
-1
Let y(d) = -d**2 - 13*d - 8. Give y(-10).
22
Let w(b) = -116*b + 2. What is w(-1)?
118
Let b(h) = -h**3 - h**2 - h + 1. Give b(-4).
53
Let g(b) = 2*b**2 - 3*b + 2. Determine g(2).
4
Let n(f) = -7*f**2 - 5*f - 8. Determine n(-2).
-26
Let s(f) = -3*f**3 + 3*f**2 + 2*f + 4. Determine s(3).
-44
Let y(s) = -s**2 - s + 4. Give y(-7).
-38
Let x(j) = -3*j - 12. Give x(-10).
18
Let k(g) = -g**3 + 4*g**2 - 3*g + 2. Give k(4).
-10
Let c(m) = 8*m**2 + 11*m + 1. Give c(-1).
-2
Let h(k) = -2*k + 14. Calculate h(4).
6
Let s(x) = x**2 + 16*x + 35. Calculate s(-3).
-4
Let f(k) = -k**2 - 22*k + 36. Calculate f(-24).
-12
Let i(u) = 4*u**2 + 2*u - 1. What is i(1)?
5
Let d(v) = -v**3 + 12*v**2 + v + 8. Give d(12).
20
Let b(q) = q**2 - 13*q + 19. Give b(13).
19
Let x(b) = -b**2 + 7*b + 6. What is x(7)?
6
Let b(s) = -s**2 + 9*s - 13. Determine b(2).
1
Let n(i) = 5*i**2 + 5*i + 5. What is n(-2)?
15
Let k(u) = -37*u - 123. Determine k(-6).
99
Let p(b) = -3*b + 24. Give p(6).
6
Let l(a) = 11*a - 42. Determine l(3).
-9
Let t(g) = -5*g**3 - 4*g**2 - 4*g - 2. Give t(-1).
3
Let k(q) = 9*q + 229. Give k(-20).
49
Let p(u) = -3*u**3 + 25*u**2 - 9*u + 15. What is p(8)?
7
Let k(c) = c**3 - 7*c**2 + c + 22. Calculate k(3).
-11
Let s(p) = p - 8. What is s(3)?
-5
Let u(j) = -2*j**2 - 21*j - 16. Give u(-10).
-6
Let n(q) = -4*q + 5. Give n(-2).
13
Let m(f) = f**3 + 18*f**2 - 39*f + 20. Calculate m(-20).
0
Let k(y) = -3*y**2 - 49*y - 65. What is k(-15)?
-5
Let y(m) = m**3 - 8*m**2 - 5*m + 7. Give y(8).
-33
Let r(w) = -w**2 - 11*w + 7. Calculate r(-12).
-5
Let k(z) = -z**2 - 14*z - 11. What is k(-13)?
2
Let q(a) = -15*a**2 + a. What is q(-1)?
-16
Let c(v) = -v**3 + 12*v**2 - 21*v + 9. Determine c(10).
-1
Let r(f) = 3*f - 1. Calculate r(-3).
-10
Let r(c) = 49*c + 587. What is r(-12)?
-1
Let u(o) = o**2 - 13*o - 10. Determine u(14).
4
Let h(t) = t**3 + 45*t**2 + 45*t + 41. Give h(-44).
-3
Let s(d) = d**3 - 8*d**2 - 12*d + 1. Determine s(9).
-26
Let z(n) = -n - 3. Calculate z(-3).
0
Let r(k) = -2*k. Give r(7).
-14
Let w(q) = 2*q**2 + 7*q. What is w(-4)?
4
Let q(x) = -8*x + 212. What is q(27)?
-4
Let h(t) = t**3 + 5*t**2 - 5*t + 4. Determine h(-8).
-148
Let y(q) = -114*q + 564. Calculate y(5).
-6
Let f(h) = -30*h - 186. Give f(-7).
24
Let f(h) = -h**3 + 7*h**2 - 12*h + 28. Determine f(6).
-8
Let m(q) = -q**2 + 144*q + 589. Calculate m(-4).
-3
Let x(y) = y**3 - 4*y**2 + 3*y - 5. Calculate x(4).
7
Let c(h) = -h**3 + 41*h**2 - 77*h - 52. Give c(39).
-13
Let x(v) = -30*v**2 + v. Give x(1).
-29
Let w(s) = 19*s + 133. What is w(-7)?
0
Let u(d) = d**3 + 15*d**2 + 15*d + 15. Calculate u(-14).
1
Let v(a) = 2*a + 46. Give v(-18).
10
Let y(q) = 2*q**2 - 28*q - 71. Give y(16).
-7
Let l(m) = -m**2 + 7*m - 2. Give l(6).
4
Let g(a) = a**2 - 20*a - 8. Calculate g(20).
-8
Let x(q) = -q**3 - 7*q**2 - 5*q + 14. Give x(-6).
8
Let t(k) = k**3 - 3*k**2 - 13*k + 8. Determine t(5).
-7
Let s(i) = i**2 - 4*i - 4. Determine s(2).
-8
Let m(n) = -2*n**2 - 9*n + 9. Give m(-6).
-9
Let l(f) = f**2 - 50*f + 448. Determine l(38).
-8
Let n(x) = x**2 + 12*x - 16. Calculate n(-13).
-3
Let y(s) = -2*s**3 - 3*s**2 + 8*s + 15. What is y(-4)?
63
Let x(d) = -2*d**2 + 7*d + 10. Give x(-3).
-29
Let r(v) = -3*v + 6. Determine r(3).
-3
Let j(d) = -d**2 + 9*d + 142. What is j(-8)?
6
Let m(f) = -f**3 - 38*f**2 + 14. What is m(-38)?
14
Let f(t) = t**2 + 5*t - 11. Give f(-6).
-5
Let a(m) = -2*m**3 + 5*m**2 - 3*m - 3. Determine a(-2).
39
Let u(v) = 7*v**2 + 11*v + 1. Give u(-3).
31
Let x(n) = -n - 3. Calculate x(4).
-7
Let o(s) = -s**2 - 17*s - 14. What is o(-15)?
16
Let x(a) = -a**3 - a**2 + 19*a + 5. What is x(-5)?
10
Let x(t) = -9*t + 1. Give x(-1).
10
Let t(s) = s**2 - 12*s + 24. Calculate t(10).
4
Let s(p) = -p**3 - 6*p**2 - 3*p + 1. What is s(-6)?
19
Let x(b) = -b**3 + b**2 + 4*b - 13. Give x(0).
-13